749?
4
What is the ten thousands digit of 349646252?
4
What is the ten thousands digit of 753574110?
7
What is the hundreds digit of 729516570?
5
What is the units digit of 39157?
7
What is the tens digit of 199374677?
7
What is the hundred thousands digit of 19674167?
6
What is the ten millions digit of 73450633?
7
What is the hundred thousands digit of 72325747?
3
What is the millions digit of 282593198?
2
What is the hundreds digit of 40932796?
7
What is the ten thousands digit of 15993432?
9
What is the millions digit of 65177784?
5
What is the tens digit of 2289503543?
4
What is the units digit of 1511827693?
3
What is the millions digit of 18110927?
8
What is the units digit of 37682409?
9
What is the hundred millions digit of 751326529?
7
What is the ten millions digit of 2625098850?
2
What is the hundred thousands digit of 156946609?
9
What is the hundreds digit of 105531246?
2
What is the hundred thousands digit of 84006222?
0
What is the hundreds digit of 2729914451?
4
What is the hundred thousands digit of 126274561?
2
What is the thousands digit of 25788248?
8
What is the ten thousands digit of 4882351245?
5
What is the billions digit of 1108936950?
1
What is the billions digit of 6304736378?
6
What is the tens digit of 230371814?
1
What is the ten millions digit of 431663851?
3
What is the tens digit of 1048860112?
1
What is the thousands digit of 311548241?
8
What is the ten thousands digit of 128319439?
1
What is the hundred millions digit of 3578691475?
5
What is the ten thousands digit of 199101504?
0
What is the tens digit of 181894422?
2
What is the tens digit of 539753172?
7
What is the tens digit of 845567934?
3
What is the units digit of 176627127?
7
What is the thousands digit of 384507829?
7
What is the thousands digit of 38590067?
0
What is the hundreds digit of 16394853?
8
What is the tens digit of 4138737636?
3
What is the ten thousands digit of 127679370?
7
What is the ten thousands digit of 439785766?
8
What is the millions digit of 491874321?
1
What is the ten thousands digit of 3759064096?
6
What is the ten millions digit of 5404680626?
0
What is the millions digit of 58690277?
8
What is the ten thousands digit of 2352631378?
3
What is the millions digit of 172805124?
2
What is the thousands digit of 223700581?
0
What is the tens digit of 2359912525?
2
What is the hundred millions digit of 1013976366?
0
What is the tens digit of 87021024?
2
What is the ten millions digit of 631210476?
3
What is the ten thousands digit of 47794597?
9
What is the thousands digit of 67419935?
9
What is the millions digit of 263246272?
3
What is the ten thousands digit of 1227612092?
1
What is the units digit of 301369983?
3
What is the hundreds digit of 58471555?
5
What is the tens digit of 1319499572?
7
What is the hundreds digit of 19791864?
8
What is the ten millions digit of 77772997?
7
What is the billions digit of 1298764097?
1
What is the units digit of 396724007?
7
What is the hundreds digit of 163552301?
3
What is the hundred thousands digit of 1214995853?
9
What is the hundreds digit of 39678124?
1
What is the hundreds digit of 5748430875?
8
What is the ten millions digit of 32476009?
3
What is the units digit of 70877111?
1
What is the millions digit of 245408887?
5
What is the millions digit of 122974998?
2
What is the millions digit of 29478301?
9
What is the millions digit of 76617053?
6
What is the units digit of 3724704154?
4
What is the millions digit of 2966892239?
6
What is the hundreds digit of 425147751?
7
What is the hundred millions digit of 555628811?
5
What is the millions digit of 2226343771?
6
What is the hundreds digit of 63738123?
1
What is the tens digit of 355134799?
9
What is the ten thousands digit of 2998531?
9
What is the millions digit of 264751267?
4
What is the hundred thousands digit of 444818483?
8
What is the thousands digit of 2233021026?
1
What is the hundred thousands digit of 40134155?
1
What is the hundred millions digit of 122523214?
1
What is the hundred millions digit of 6426992069?
4
What is the ten thousands digit of 4972761615?
6
What is the hundred thousands digit of 122992481?
9
What is the hundred millions digit of 385796066?
3
What is the hundred thousands digit of 22391788?
3
What is the hundred millions digit of 2496978513?
4
What is the tens digit of 50819491?
9
What is the tens digit of 24927081?
8
What is the tens digit of 99907584?
8
What is the millions digit of 9221786?
9
What is the ten thousands digit of 1239059?
3
What is the units digit of 31735323?
3
What is the hundred millions digit of 630452519?
6
What is the billions digit of 1038655635?
1
What is the hundred thousands digit of 18881700?
8
What is the millions digit of 32033381?
2
What is the units digit of 198512191?
1
What is the hundred thousands digit of 43554243?
5
What is the thousands digit of 429738696?
8
What is the hundreds digit of 68591068?
0
What is the millions digit of 763055715?
3
What is the hundred millions digit of 342769890?
3
What is the ten thousands digit of 48718868?
1
What is the billions digit of 1377885440?
1
What is the tens digit of 2355783989?
8
What is the billions digit of 1324858571?
1
What is the millions digit of 61520954?
1
What is the units digit of 1003859403?
3
What is the millions digit of 1471942054?
1
What is the thousands digit of 5234115165?
5
What is the millions digit of 47426212?
7
What is the hundred thousands digit of 484416303?
4
What is the ten millions digit of 6325273261?
2
What is the ten thousands digit of 10423159?
2
What is the ten thousands digit of 813189180?
8
What is the billions digit of 3518651702?
3
What is the thousands digit of 229992316?
2
What is the millions digit of 6029630?
6
What is the units digit of 142155640?
0
What is the hundred thousands digit of 28109575?
1
What is the millions digit of 2705374?
2
What is the millions digit of 930888883?
0
What is the thousands digit of 1628069819?
9
What is the hundred thousands digit of 130233776?
2
What is the tens digit of 2495425628?
2
What is the units digit of 595738958?
8
What is the tens digit of 211831555?
5
What is the thousands digit of 484191394?
1
What is the ten millions digit of 1016849282?
1
What is the ten thousands digit of 110830598?
3
What is the millions digit of 30537438?
0
What is the hundred thousands digit of 835280342?
2
What is the hundreds digit of 52373280?
2
What is the tens digit of 621101721?
2
What is the thousands digit of 194464886?
4
What is the ten thousands digit of 370170828?
7
What is the thousands digit of 53273996?
3
What is the tens digit of 951569791?
9
What is the tens digit of 359573867?
6
What is the ten millions digit of 284432436?
8
What is the ten millions digit of 24700701?
2
What is the units digit of 94943711?
1
What is the tens digit of 1311426?
2
What is the millions digit of 35763074?
5
What is the tens digit of 701246756?
5
What is the tens digit of 2728718586?
8
What is the units digit of 88656137?
7
What is the ten millions digit of 31785962?
3
What is the millions digit of 88393252?
8
What is the hundreds digit of 1611056937?
9
What is the billions digit of 1208636297?
1
What is the ten thousands digit of 150639065?
3
What is the thousands digit of 238908232?
8
What is the millions digit of 380186952?
0
What is the thousands digit of 321268208?
8
What is the hundred thousands digit of 12723207?
7
What is the hundreds digit of 8223525?
5
What is the hundred thousands digit of 305214381?
2
What is the hundred thousands digit of 1686016041?
0
What is the hundreds digit of 4502110994?
9
What is the hundred thousands digit of 278234709?
2
What is the ten millions digit of 254756869?
5
What is the hundreds digit of 5683548359?
3
What is the thousands digit of 55521281?
1
What is the tens digit of 809660387?
8
What is the hundreds digit of 71662473?
4
What is the hundred thousands digit of 2182262029?
2
What is the thousands digit of 249813331?
3
What is the tens digit of 46923740?
4
What is the tens digit of 78837885?
8
What is the millions digit of 6692879197?
2
What is the hundreds digit of 442763262?
2
What is the tens digit of 4391364704?
0
What is the millions digit of 4435843820?
5
What is the millions digit of 262561701?
2
What is the